{"id":7,"date":"2020-07-26T18:16:42","date_gmt":"2020-07-26T16:16:42","guid":{"rendered":"http:\/\/lemonstreduplacard.be\/?page_id=7"},"modified":"2020-08-03T17:56:32","modified_gmt":"2020-08-03T15:56:32","slug":"a-propos-de","status":"publish","type":"page","link":"https:\/\/lemonstreduplacard.be\/?page_id=7","title":{"rendered":"Qui sommes-nous ?"},"content":{"rendered":"\n<p class=\"has-medium-font-size\"><strong>Bienvenue dans l\u2019antre du monstre du placard.<\/strong><\/p>\n\n\n\n<p>Vous savez, cette b\u00eate que l\u2019on sent, qu\u2019on entend, que parfois on voit, tapie dans le noir avec juste ses yeux qui brillent, quand on est seul(e), qui surgit une fois la lumi\u00e8re \u00e9teinte mais qui dispara\u00eet d\u00e8s que quelqu\u2019un arrive&nbsp;?<\/p>\n\n\n\n<p>On dit qu\u2019il peut se mat\u00e9rialiser en monstre de nos pires cauchemars ou en monstre-ami plut\u00f4t sympa&#8230;<\/p>\n\n\n\n<p><strong>Le monstre du placard<\/strong> c\u2019est notre imaginaire d\u2019enfant, celui que l\u2019on pense parfois avoir perdu et qui ressurgit un soir d\u2019orage, seul \u00e0 la maison, en tombant sur un strip de 3 cases dans le journal, en zappant sur une cha\u00eene enfant ou en relisant un vieux livre retrouv\u00e9 dans le grenier de Bobonne.<\/p>\n\n\n\n<p>Chez certaines personnes, il n\u2019est jamais parti, chez d\u2019autres il est juste dissimul\u00e9 dans un petit coin, bien tapi.<\/p>\n\n\n\n<p class=\"has-medium-font-size\"><strong>Mais alors, qui se cache derri\u00e8re ce fameux monstre&nbsp;??<\/strong><\/p>\n\n\n\n<p>Une famille enti\u00e8re de monstres&nbsp;!<\/p>\n\n\n\n<p>Compos\u00e9e&nbsp;:<\/p>\n\n\n\n<p>&#8211; <strong>d\u2019une maman<\/strong>, illustratrice de formation, bidouilleuse en tout genre \u00e0 ses heures perdues, fan de lecture depuis toujours (romans ado \/ adultes, B.D. plut\u00f4t humoristique &#8211; ou pas, livres pour enfants, \u2026), qui aime jouer, cuisiner et qui n\u2019a jamais perdu son \u00e2me d\u2019enfant&nbsp;;<\/p>\n\n\n\n<p>&#8211; <strong>d\u2019Alice,<\/strong> <strong>une jeune fille de 11 ans<\/strong>, passionn\u00e9e de lecture (B.D., romans, livres \u00ab&nbsp;documentaires&nbsp;\u00bb, \u2026), fan de violon et qui commence \u00e0 avoir une sacr\u00e9ment bonne plume&nbsp;;<\/p>\n\n\n\n<p>&#8211; <strong>de Sophie, une jeune fille de 7 ans<\/strong>, qui a appris \u00e0 lire avant l\u2019heure et qui depuis d\u00e9vore les B.D. et a m\u00eame termin\u00e9 son premier roman. Elle a une imagination d\u00e9bordante et peut-\u00eatre qu\u2019un jour elle vous pr\u00e9sentera ses amis imaginaires ;<\/p>\n\n\n\n<p>&#8211; <strong>d\u2019un papa<\/strong>, gr\u00e2ce \u00e0 qui on a pu monter ce chouette site, grand lecteur lui aussi (romans, B.D. \u00ab&nbsp;adulte&nbsp;\u00bb, d\u00e9veloppement personnel, gestion de projet, management \u2026).<\/p>\n\n\n\n<p class=\"has-medium-font-size\"><strong>Notre but&nbsp;? <\/strong><\/p>\n\n\n\n<p>Vous faire partager <strong>des jeux<\/strong> et <strong>des livres<\/strong> de notre collection en constante \u00e9volution (environ une centaine de jeux, 550 livres pour enfants, 850 B.D. et les romans, on ne les compte plus), ceux qu\u2019on a aim\u00e9, ador\u00e9, lu et relu (et rerelu), des nouveaut\u00e9s, des ind\u00e9modables \u00e0 ressortir du placard et des p\u00e9pites chin\u00e9es en seconde main. Dans l\u2019espoir de vous (re)donner le go\u00fbt de lire ou, de partager avec vous de belles d\u00e9couvertes, de vous donner des id\u00e9es ou tout simplement de rallumer (ou de raviver) la petite \u00e9tincelle d\u2019innocence au fond de vous.<\/p>\n\n\n\n<p>Bon voyage dans nos pages&nbsp;!<\/p>\n\n\n\n<p>NB&nbsp;: les livres et jeux sont class\u00e9s par \u00e2ge \u00e0 titre indicatif, selon les recommandations des maisons d\u2019\u00e9dition mais vous verrez que cela d\u00e9pend surtout du niveau de compr\u00e9hension de votre enfant et de l\u2019habitude qu\u2019il a eu &#8211; ou non &#8211; d\u00e8s son plus jeune \u00e2ge \u00e0 \u00eatre familiaris\u00e9 aux jeux\/livres.<\/p>\n\n\n\n<p><\/p>\n","protected":false},"excerpt":{"rendered":"<p>Bienvenue dans l\u2019antre du monstre du placard. Vous savez, cette b\u00eate que l\u2019on sent, qu\u2019on entend, que parfois on voit, tapie dans le noir avec juste ses yeux qui brillent, quand on est seul(e), qui surgit une fois la lumi\u00e8re \u00e9teinte mais qui dispara\u00eet d\u00e8s que quelqu\u2019un arrive&nbsp;? On dit&#8230;<\/p>\n<p class=\"continue-reading-button\"> <a class=\"continue-reading-link\" href=\"https:\/\/lemonstreduplacard.be\/?page_id=7\">Lire la suite<i class=\"crycon-right-dir\"><\/i><\/a><\/p>\n","protected":false},"author":1,"featured_media":0,"parent":0,"menu_order":0,"comment_status":"closed","ping_status":"closed","template":"","meta":{"spay_email":""},"_links":{"self":[{"href":"https:\/\/lemonstreduplacard.be\/index.php?rest_route=\/wp\/v2\/pages\/7"}],"collection":[{"href":"https:\/\/lemonstreduplacard.be\/index.php?rest_route=\/wp\/v2\/pages"}],"about":[{"href":"https:\/\/lemonstreduplacard.be\/index.php?rest_route=\/wp\/v2\/types\/page"}],"author":[{"embeddable":true,"href":"https:\/\/lemonstreduplacard.be\/index.php?rest_route=\/wp\/v2\/users\/1"}],"replies":[{"embeddable":true,"href":"https:\/\/lemonstreduplacard.be\/index.php?rest_route=%2Fwp%2Fv2%2Fcomments&post=7"}],"version-history":[{"count":6,"href":"https:\/\/lemonstreduplacard.be\/index.php?rest_route=\/wp\/v2\/pages\/7\/revisions"}],"predecessor-version":[{"id":129,"href":"https:\/\/lemonstreduplacard.be\/index.php?rest_route=\/wp\/v2\/pages\/7\/revisions\/129"}],"wp:attachment":[{"href":"https:\/\/lemonstreduplacard.be\/index.php?rest_route=%2Fwp%2Fv2%2Fmedia&parent=7"}],"curies":[{"name":"wp","href":"https:\/\/api.w.org\/{rel}","templated":true}]}}